actors of 84313?
84313
What are the prime factors of 199548?
2, 3, 23, 241
List the prime factors of 4379744.
2, 17, 83, 97
What are the prime factors of 1577781?
3, 175309
What are the prime factors of 4460166?
2, 3, 149, 1663
What are the prime factors of 441647?
441647
List the prime factors of 6994124.
2, 137, 12763
What are the prime factors of 2211322?
2, 1105661
What are the prime factors of 617000?
2, 5, 617
List the prime factors of 161064.
2, 3, 2237
What are the prime factors of 224559?
3, 8317
What are the prime factors of 192666?
2, 3, 163, 197
What are the prime factors of 1733322?
2, 3, 307, 941
What are the prime factors of 2440176?
2, 3, 29, 1753
What are the prime factors of 19061?
7, 389
List the prime factors of 467925.
3, 5, 17, 367
List the prime factors of 763877.
461, 1657
List the prime factors of 215487.
3, 23, 347
What are the prime factors of 450217?
450217
What are the prime factors of 3851986?
2, 1925993
What are the prime factors of 938529?
3, 104281
List the prime factors of 265489.
7, 17, 23, 97
List the prime factors of 63374.
2, 31687
List the prime factors of 11503652.
2, 2875913
List the prime factors of 281327.
281327
List the prime factors of 3684271.
19, 211, 919
List the prime factors of 276818.
2, 61, 2269
What are the prime factors of 598427?
598427
What are the prime factors of 140169?
3, 46723
What are the prime factors of 2200851?
3, 3019
What are the prime factors of 296722?
2, 148361
List the prime factors of 345421.
109, 3169
What are the prime factors of 1203617?
17, 101, 701
List the prime factors of 4120932.
2, 3, 343411
What are the prime factors of 1540018?
2, 31, 59, 421
What are the prime factors of 10990477?
613, 17929
What are the prime factors of 1397128?
2, 17, 10273
What are the prime factors of 92796?
2, 3, 11, 19, 37
List the prime factors of 4504622.
2, 2252311
What are the prime factors of 6976102?
2, 7, 181, 2753
List the prime factors of 7499187.
3, 41, 20323
What are the prime factors of 190043?
7, 17, 1597
What are the prime factors of 331962?
2, 3, 61, 907
What are the prime factors of 1527741?
3, 6287
List the prime factors of 836926.
2, 79, 5297
What are the prime factors of 834045?
3, 5, 55603
What are the prime factors of 20212641?
3, 2245849
List the prime factors of 6251635.
5, 13, 96179
List the prime factors of 241198.
2, 83, 1453
List the prime factors of 5666703.
3, 7, 5507
List the prime factors of 811817.
37, 593
List the prime factors of 3502367.
11, 191, 1667
List the prime factors of 532931.
7, 19, 4007
List the prime factors of 251612.
2, 62903
What are the prime factors of 4194034?
2, 13, 161309
List the prime factors of 2134141.
2134141
List the prime factors of 488825.
5, 19553
List the prime factors of 114870.
2, 3, 5, 7, 547
List the prime factors of 1218776.
2, 13, 11719
What are the prime factors of 406366?
2, 203183
List the prime factors of 248266.
2, 124133
What are the prime factors of 4694539?
19, 211, 1171
What are the prime factors of 5129980?
2, 5, 256499
List the prime factors of 4741684.
2, 599, 1979
List the prime factors of 498804.
2, 3, 197, 211
List the prime factors of 9047913.
3, 7, 29, 83, 179
What are the prime factors of 46790?
2, 5, 4679
List the prime factors of 8984761.
31, 109, 2659
List the prime factors of 237572.
2, 59393
List the prime factors of 16720873.
13, 31, 41491
List the prime factors of 12720.
2, 3, 5, 53
List the prime factors of 6692070.
2, 3, 5, 7, 11, 2897
What are the prime factors of 360549?
3, 7, 59, 97
List the prime factors of 371425.
5, 83, 179
List the prime factors of 82680.
2, 3, 5, 13, 53
What are the prime factors of 2491473?
3, 167, 4973
What are the prime factors of 3835343?
3835343
List the prime factors of 220404.
2, 3, 18367
List the prime factors of 7414745.
5, 13, 114073
What are the prime factors of 7776453?
3, 19, 136429
List the prime factors of 6995867.
347, 20161
List the prime factors of 1028008.
2, 23, 37, 151
What are the prime factors of 24638?
2, 97, 127
What are the prime factors of 1480770?
2, 3, 5, 16453
List the prime factors of 5385769.
5385769
What are the prime factors of 39967381?
39967381
List the prime factors of 8462046.
2, 3, 179, 7879
What are the prime factors of 321721?
321721
What are the prime factors of 329252?
2, 7, 11, 1069
What are the prime factors of 192477?
3, 83, 773
List the prime factors of 87891.
3, 29297
List the prime factors of 105822.
2, 3, 5879
List the prime factors of 5057208.
2, 3, 13, 1801
List the prime factors of 502146.
2, 3, 17, 547
What are the prime factors of 177055?
5, 17, 2083
List the prime factors of 8684.
2, 13, 167
List the prime factors of 5675.
5, 227
List the prime factors of 5535024.
2, 3, 11, 953
What are the prime factors of 836218?
2, 418109
List the prime factors of 892053.
3, 3671
What are the prime factors of 333643?
557, 599
List the prime factors of 4804078.
2, 2402039
List the prime factors of 1020479.
179, 5701
What are the prime factors of 7350939?
3, 272257
What are the prime factors of 101999?
101999
What are the prime factors of 13930?
2, 5, 7, 199
What are the prime factors of 1458326?
2, 19, 38377
List the prime factors of 210915.
3, 5, 43, 109
List the prime factors of 159957.
3, 7, 2539
What are the prime factors of 1821773?
1259, 1447
What are the prime factors of 254975?
5, 7, 31, 47
List the prime factors of 718110.
2, 3, 5, 79, 101
List the prime factors of 1592479.
7, 227497
What are the prime factors of 59050?
2, 5, 1181
What are the prime factors of 768743?
661, 1163
What are the prime factors of 319709?
13, 24593
List the prime factors of 727302.
2, 3, 43, 2819
List the prime factors of 885825.
3, 5, 31, 127
What are the prime factors of 1320386?
2, 19, 34747
List the prime factors of 155496.
2, 3, 11, 19, 31
What are the prime factors of 2868503?
11, 260773
What are the prime factors of 2553970?
2, 5, 127, 2011
List the prime factors of 2198002.
2, 47, 67, 349
List the prime factors of 118476.
2, 3, 1097
List the prime factors of 288558.
2, 3, 17, 23, 41
List the prime factors of 3594541.
3594541
List the prime factors of 1648009.
11, 233, 643
List the prime factors of 715817.
715817
List the prime factors of 262841.
67, 3923
What are the prime factors of 741526?
2, 41, 9043
What are the prime factors of 1324823?
23, 57601
List the prime factors of 311928.
2, 3, 41, 317
List the prime factors of 372346.
2, 13, 14321
What are the prime factors of 3686474?
2, 11, 41, 61, 67
What are the prime factors of 2254049?
7, 157, 293
List the prime factors of 2430747.
3, 11, 43, 571
What are the prime factors of 199766?
2, 7, 19, 751
What are the prime factors of 4790940?
2, 3, 5, 7, 11, 17, 61
What are the prime factors of 2106408?
2, 3, 87767
What are the prime factors of 5350462?
2, 13, 73, 2819
What are the prime factors of 14084191?
11, 433, 2957
List the prime factors of 3311717.
3311717
What are the prime factors of 1016268?
2, 3, 11, 7699
List the prime factors of 1230663.
3, 7, 58603
List the prime factors of 10046171.
10046171
What are the prime factors of 2382014?
2, 439, 2713
List the prime factors of 207666.
2, 3, 83, 139
List the prime factors of 181296.
2, 3, 1259
List the prime factors of 372493.
11, 33863
List the prime factors of 10069592.
2, 13, 96823
What are the prime factors of 664925?
5, 26597
List the prime factors of 488606.
2, 244303
List the prime factors of 1581292.
2, 395323
What are the prime factors of 667177?
7, 95311
List the prime factors of 83102.
2, 37, 1123
List the prime factors of 416486.
2, 7, 71, 419
List the prime factors of 6207301.
6207301
What are the prime factors of 1025438?
2, 331, 1549
What are the prime factors of 774424?
2, 7, 13829
List the prime factors of 721975.
5, 28879
What are the prime factors of 209114?
2, 19, 5503
What are the prime factors of 1283412?
2, 3, 13, 19, 433
What are the prime factors of 127598?
2, 63799
List the prime factors of 7403997.
3, 61, 40459
What are the prime factors of 474321?
3, 223, 709
List the prime factors of 184887.
3, 20543
What are the prime factors of 1730708?
2, 7, 113, 547
List the prime factors of 11647089.
3, 1294121
List the prime factors of 1493736.
2, 3, 109, 571
What are the prime factors of 1450765?
5, 257, 1129